Is 234304793 composite?
False
Is 352133591 composite?
False
Is 2087071061 a composite number?
True
Is 21119441201 a composite number?
True
Is 42740467543 a prime number?
False
Is 814037267 prime?
True
Is 1256822129 a composite number?
False
Is 4186844323 prime?
False
Is 22280858791 a composite number?
True
Is 11669690209 prime?
False
Is 12434712377 a composite number?
True
Is 22385284927 a composite number?
True
Is 515204405 composite?
True
Is 455317493 prime?
True
Is 73869858539 composite?
False
Is 194761181 composite?
False
Is 16971241099 a composite number?
False
Is 404692991 a composite number?
False
Is 1080511193 a prime number?
False
Is 4673782807 prime?
True
Is 855057157 prime?
True
Is 952291309 a prime number?
True
Is 1104824137 composite?
True
Is 40367478407 a prime number?
True
Is 189400283 prime?
True
Is 1191446447 a composite number?
False
Is 1008864629 composite?
False
Is 5609502953 composite?
False
Is 115736233 composite?
False
Is 5892982939 prime?
True
Is 17904096557 a prime number?
True
Is 65467577209 prime?
False
Is 8378150413 a prime number?
False
Is 2377421323 prime?
True
Is 2323986949 composite?
True
Is 148624399983 a composite number?
True
Is 553497641 composite?
True
Is 11135339077 composite?
False
Is 22527521987 a composite number?
True
Is 67904531 a composite number?
False
Is 2017826801 a prime number?
False
Is 877078261 a prime number?
False
Is 21024734669 composite?
False
Is 1032151669 prime?
False
Is 182360219 composite?
False
Is 65729204677 a prime number?
True
Is 3137445347 a composite number?
False
Is 32823786553 a prime number?
True
Is 31480654033 prime?
True
Is 2592778283 a prime number?
False
Is 12226874201 prime?
False
Is 5155765603 prime?
False
Is 125212381 prime?
False
Is 2281578809 prime?
True
Is 1599272581 a composite number?
False
Is 202427063 a prime number?
True
Is 10418572009 composite?
True
Is 506652082 a prime number?
False
Is 319049323 a prime number?
True
Is 11482127773 a prime number?
True
Is 2424535235 a prime number?
False
Is 206409071285 a composite number?
True
Is 1481115893 prime?
True
Is 40590736951 a prime number?
True
Is 8840474483 a prime number?
False
Is 26428516573 composite?
True
Is 11339450807 a composite number?
False
Is 212479559 a prime number?
True
Is 2911781261 composite?
True
Is 915555847 composite?
False
Is 286964999 prime?
False
Is 130488388193 prime?
True
Is 11246226029 a composite number?
False
Is 952099649 a prime number?
True
Is 727110203 a composite number?
False
Is 240960263473 prime?
True
Is 406230421 composite?
False
Is 227591081 composite?
False
Is 42057525467 a prime number?
True
Is 23167077301 prime?
False
Is 100864385 a composite number?
True
Is 12532933117 composite?
True
Is 65726393 a composite number?
True
Is 47484641 prime?
True
Is 8197496321 a composite number?
True
Is 1189504373 composite?
False
Is 8053316497 a prime number?
False
Is 587504214757 a composite number?
False
Is 17591568157 a prime number?
False
Is 226970351339 prime?
True
Is 1805356681 a composite number?
False
Is 134974877 prime?
True
Is 11291013519 a prime number?
False
Is 23058929329 a composite number?
True
Is 16345415293 prime?
True
Is 196989019 a prime number?
True
Is 82811348639 composite?
False
Is 541096163 prime?
True
Is 5434525205 a prime number?
False
Is 2220424459 composite?
True
Is 4034295803 a composite number?
True
Is 8219675551 composite?
False
Is 254297977 prime?
True
Is 107935063 prime?
True
Is 52964507 prime?
False
Is 713474183 composite?
False
Is 852663041 composite?
False
Is 28046721851 a composite number?
False
Is 853000207 composite?
False
Is 78351145841 prime?
True
Is 6465863021 composite?
True
Is 1579649651 a composite number?
False
Is 3498692809 prime?
True
Is 2199804071 a prime number?
False
Is 535662389 composite?
False
Is 23921389487 a composite number?
False
Is 242963893 a prime number?
False
Is 15267119207 prime?
True
Is 34173054581 composite?
False
Is 827140849 a composite number?
True
Is 3191479279 a composite number?
False
Is 148379089 a composite number?
True
Is 11135529869 composite?
True
Is 358686631 a composite number?
False
Is 3753014171 a composite number?
True
Is 57861901 a prime number?
True
Is 30543600515 composite?
True
Is 175848314743 prime?
False
Is 96465842929 prime?
False
Is 8755625101 a composite number?
False
Is 293077013 composite?
True
Is 12191248777 a composite number?
True
Is 9656245889 a composite number?
False
Is 1066641787 a composite number?
False
Is 2108060455 a prime number?
False
Is 2088343211 composite?
False
Is 34581572351 a composite number?
False
Is 2700663821 prime?
False
Is 24921509759 prime?
False
Is 513855151 a prime number?
True
Is 2859878095 prime?
False
Is 30741828697 a prime number?
False
Is 41548782973 composite?
True
Is 58192063 a prime number?
False
Is 14275104743 prime?
True
Is 1437637913 composite?
False
Is 6741230477 prime?
False
Is 1699998787 composite?
False
Is 1022729203 prime?
False
Is 18324583231 a composite number?
True
Is 190994501 prime?
False
Is 11942410241 composite?
False
Is 1563910643 composite?
False
Is 121504156333 a prime number?
False
Is 900334999 composite?
False
Is 49855969 prime?
False
Is 158854847 prime?
False
Is 56494725383 a composite number?
False
Is 2644825263 a composite number?
True
Is 542593339 a prime number?
True
Is 9271507955 a composite number?
True
Is 357365321 prime?
True
Is 1264397521 composite?
True
Is 31421057809 a prime number?
True
Is 53538817807 a prime number?
True
Is 18305621 composite?
True
Is 115536038353 composite?
True
Is 101776111 a prime number?
False
Is 288541697095 prime?
False
Is 12329602127 composite?
True
Is 2317923743 a composite number?
True
Is 360244387 a prime number?
False
Is 13335430603 a composite number?
True
Is 1140534119 a prime number?
True
Is 1019662971 a prime number?
False
Is 805138273 a composite number?
True
Is 1090888727 a composite number?
False
Is 9031774669 prime?
False
Is 34501300541 prime?
True
Is 1391130133 a composite number?
True
Is 3132354233 composite?
False
Is 1782891949 composite?
True
Is 21904614647 a prime number?
True
Is 301965109 prime?
False
Is 4585336859 composite?
False
Is 645996899 prime?
False
Is 74989427021 a prime number?
False
Is 27574346227 a prime number?
True
Is 188530633 a prime number?
True
Is 58954756139 a composite number?
True
Is 9549206671 a prime number?
False
Is 1973741867 composite?
False
Is 555271441 prime?
False
Is 515201671 composite?
False
Is 191561171 a prime number?
True
Is 1194417067 a prime number?
True
Is 2736582487 prime?
False
Is 2554203037 composite?
False
Is 875762707 prime?
True
Is 37025577461 a composite number?
False
Is 47903846629 a prime number?
True
Is 22577349277 prime?
False
Is 50284414307 a composite number?
False
Is 6659461019 composite?
False
Is 1029553571 a composite number?
True
Is 17395029401 composite?
True
Is 1896146429 a prime number?
True
Is 90236779 prime?
True
Is 727155031 composite?
False
Is 40282909 a composite number?
True
Is 1891532585 a composite number?
True
Is 6397613913 composite?
True
Is 59901561701 prime?
True
Is 25735438 composite?
True
Is 212562137779 composite?
False
Is 29759677 a prime number?
False
Is 1837427633 prime?
True
Is 1266063341 a composite number?
False
Is 3405749051 prime?
True
Is 110894071 composite?
False
Is 3513552089 a composite number?
False
Is 8058467491 composite?
False
Is 1416252427 a composite number?
False
Is 3420147617 a prime number?
True
Is 69778279 prime?
False
Is 475638371 a prime number?
False
Is 540572797 a prime number?
True
Is 2577126497 composite?
True
Is 5571845849 composite?
True
Is 74341737131 a prime number?
True
Is 1989221977 a composite number?
False
Is 658271111 prime?
False
Is 5590639973 a prime number?
False
Is 43634315069 composite?
False
Is 2433401983 composite?
False
Is 5415849917 a composite number?
False
Is 2338239 a prime number?
False
Is 60827882 a composite number?
True
Is 5374329361 a composite number?
True
Is 1736930549 prime?
True
Is 8595404639 composite?
True
Is 177703921 composite?
False
Is 6055544753 prime?
True
Is 2249011267 a prime number?
True
Is 8908223239 a prime number?
True
Is 1440636289 a composite number?
True
Is 23109728491 composite?
True
Is 2559827371 a prime number?
True
Is 734493029 prime?
True
I